{"id":2048,"date":"2009-08-11T22:44:31","date_gmt":"2009-08-12T04:44:31","guid":{"rendered":"http:\/\/artorg.info\/?page_id=2048"},"modified":"2011-06-10T12:53:06","modified_gmt":"2011-06-10T17:53:06","slug":"czech-printmaking-2008","status":"publish","type":"page","link":"https:\/\/artorg.info\/?page_id=2048","title":{"rendered":"Czech Printmaking 2008"},"content":{"rendered":"<div class=\"c1\">\n<img loading=\"lazy\" decoding=\"async\" src=\"https:\/\/artorg.info\/wp-content\/files\/Czech-Printmaking-2008.jpg\" alt=\"Czech Printmaking 2008\" title=\"Czech Printmaking 2008\" width=\"480\" height=\"375\" class=\"alignnone size-full wp-image-2403\" srcset=\"https:\/\/artorg.info\/wp-content\/files\/Czech-Printmaking-2008.jpg 480w, https:\/\/artorg.info\/wp-content\/files\/Czech-Printmaking-2008-300x234.jpg 300w\" sizes=\"auto, (max-width: 480px) 100vw, 480px\" \/><br \/>\nPrintmakers Jan and Kristyna did not travel 4500 miles just to give an ordinary art exhibit!  The exhibit featured work from eight contemporary printmakers from the Czech Republic, and the addition of about 20 artists from the University of Minnesota Printmaking Collaborative called \u201cThe Bohemian Press\u201d. We enjoyed a great turnout of over 200 people.<\/p>\n<p><img loading=\"lazy\" decoding=\"async\" src=\"https:\/\/artorg.info\/wp-content\/files\/Kostel-sv.-Felixe-by-Ladislav-Sykora.jpg\" alt=\"Kostel sv. Felixe by Ladislav Sykora\" title=\"Kostel sv. Felixe by Ladislav Sykora\" width=\"480\" height=\"459\" class=\"alignnone size-full wp-image-2920\" srcset=\"https:\/\/artorg.info\/wp-content\/files\/Kostel-sv.-Felixe-by-Ladislav-Sykora.jpg 480w, https:\/\/artorg.info\/wp-content\/files\/Kostel-sv.-Felixe-by-Ladislav-Sykora-300x286.jpg 300w\" sizes=\"auto, (max-width: 480px) 100vw, 480px\" \/><\/p>\n<p><img loading=\"lazy\" decoding=\"async\" src=\"https:\/\/artorg.info\/wp-content\/files\/Jan-Vicar1.jpg\" alt=\"Jan Vicar\" title=\"Jan Vicar\" width=\"480\" height=\"700\" class=\"alignnone size-full wp-image-2405\" srcset=\"https:\/\/artorg.info\/wp-content\/files\/Jan-Vicar1.jpg 480w, https:\/\/artorg.info\/wp-content\/files\/Jan-Vicar1-205x300.jpg 205w\" sizes=\"auto, (max-width: 480px) 100vw, 480px\" \/>\n<\/div>\n<div class=\"c2\">\n<h2>Artists<\/h2>\n<ul>\n<li><a href=\"http:\/\/www.janvicar.com\/en\/\" class=\"broken_link\">Jan Vi\u010dar<\/a><\/li>\n<li>Krist\u00fdna Pojerov\u00e1<\/li>\n<li>Chrudo\u0161 Valou\u0161ek<\/li>\n<li>Ladislav S\u00fdkora<\/li>\n<li>V\u00e1clav Havl\u00ed\u010dek<\/li>\n<li>Ad\u00e9la Sou\u010dkov\u00e1<\/li>\n<li>Vojt\u011bch \u0161eda<\/li>\n<li>Katka Sechovcov\u00e1<\/li>\n<\/ul>\n<h2>Artists of the Bohemian Press<\/h2>\n<ul>\n<li>Ash Hane<\/li>\n<li>Amy Joy Hosterman<\/li>\n<li>Brian Borlaug<\/li>\n<li>Cheryl Wilgren Clyne<\/li>\n<li>David Donovan<\/li>\n<li>Drew Peterson<\/li>\n<li>Heidi Tolman<\/li>\n<li>Henry Schneiderman<\/li>\n<li>Jenny Schmid<\/li>\n<li>Julie Dorn<\/li>\n<li>Katherine Shannon<\/li>\n<li>Laura Corcoran<\/li>\n<li>Jon Mahnke<\/li>\n<li>Mischa R. Kegan<\/li>\n<li>Nancy Lee Nelson<\/li>\n<li>Nile Eckhoff<\/li>\n<li>Rebekah Champ<\/li>\n<li>Robyn Carley<\/li>\n<li>Sandesh Nicol<\/li>\n<li>Josh Winkler<\/li>\n<li>Patrick Vincent<\/li>\n<li>Meena Mangalvedhekar<\/li>\n<li>Elliot Manthey<\/li>\n<li>Elly Sturgis<\/li>\n<li>Troy Dolan<\/li>\n<li>Stephanie Kriho<\/li>\n<li>Paula Marty<\/li>\n<li>Walt Leinen<\/li>\n<li>Katelyn Johnson<\/li>\n<li>Abby Kleinert<\/li>\n<li>Stacey M. Holloway<\/li>\n<li>Julie Ribits<\/li>\n<li>Meredith Fredrick<\/li>\n<\/div>\n<div class=\"c3\">\n<h2>Photos<\/h2>\n<ul>\n<li><\/li>\n<\/ul>\n<p><a href=\"https:\/\/artorg.info\/?page_id=2547\"><img loading=\"lazy\" decoding=\"async\" alt=\"\" src=\"http:\/\/farm3.static.flickr.com\/2391\/2419872026_0e8a11397a_m.jpg\" title=\"Almost Done!\" class=\"alignnone\" width=\"240\" height=\"160\" \/><\/a><br \/>\n<a href=\"https:\/\/artorg.info\/?page_id=2547\"><img loading=\"lazy\" decoding=\"async\" alt=\"\" src=\"http:\/\/farm4.static.flickr.com\/3100\/2397616120_4c2c2b5431_m.jpg\" title=\"Jan with former Speaker of the Minnesota House of Representatives Bob Vanasek and Mary Vanasek at Sokol Festivities.\" class=\"alignnone\" width=\"240\" height=\"180\" \/><\/a><br \/>\n<a href=\"https:\/\/artorg.info\/?page_id=2547\"><img loading=\"lazy\" decoding=\"async\" alt=\"\" src=\"http:\/\/farm3.static.flickr.com\/2190\/2411828597_d70ea2089f_m.jpg\" title=\"Jan and Gustavo Lira\" class=\"alignnone\" width=\"240\" height=\"180\" \/><\/a><\/p>\n<ul>\n<li><\/li>\n<\/ul>\n<p><a href=\"https:\/\/artorg.info\/?page_id=2547\" class=\"see\">see all opening photos here<\/a>\n<\/div>\n","protected":false},"excerpt":{"rendered":"<p>Printmakers Jan and Kristyna did not travel 4500 miles just [&hellip;]<\/p>\n","protected":false},"author":8,"featured_media":0,"parent":829,"menu_order":0,"comment_status":"closed","ping_status":"closed","template":"","meta":{"jetpack_post_was_ever_published":false,"footnotes":""},"tags":[],"class_list":["post-2048","page","type-page","status-publish","hentry"],"jetpack_shortlink":"https:\/\/wp.me\/PyxFx-x2","jetpack_sharing_enabled":true,"_links":{"self":[{"href":"https:\/\/artorg.info\/index.php?rest_route=\/wp\/v2\/pages\/2048","targetHints":{"allow":["GET"]}}],"collection":[{"href":"https:\/\/artorg.info\/index.php?rest_route=\/wp\/v2\/pages"}],"about":[{"href":"https:\/\/artorg.info\/index.php?rest_route=\/wp\/v2\/types\/page"}],"author":[{"embeddable":true,"href":"https:\/\/artorg.info\/index.php?rest_route=\/wp\/v2\/users\/8"}],"replies":[{"embeddable":true,"href":"https:\/\/artorg.info\/index.php?rest_route=%2Fwp%2Fv2%2Fcomments&post=2048"}],"version-history":[{"count":20,"href":"https:\/\/artorg.info\/index.php?rest_route=\/wp\/v2\/pages\/2048\/revisions"}],"predecessor-version":[{"id":2397,"href":"https:\/\/artorg.info\/index.php?rest_route=\/wp\/v2\/pages\/2048\/revisions\/2397"}],"up":[{"embeddable":true,"href":"https:\/\/artorg.info\/index.php?rest_route=\/wp\/v2\/pages\/829"}],"wp:attachment":[{"href":"https:\/\/artorg.info\/index.php?rest_route=%2Fwp%2Fv2%2Fmedia&parent=2048"}],"wp:term":[{"taxonomy":"post_tag","embeddable":true,"href":"https:\/\/artorg.info\/index.php?rest_route=%2Fwp%2Fv2%2Ftags&post=2048"}],"curies":[{"name":"wp","href":"https:\/\/api.w.org\/{rel}","templated":true}]}}